{"id":2,"date":"2015-06-24T15:35:17","date_gmt":"2015-06-24T15:35:17","guid":{"rendered":"http:\/\/www.xn--nrdoteket-l8a.dk\/?page_id=2"},"modified":"2017-02-28T19:58:12","modified_gmt":"2017-02-28T19:58:12","slug":"eksempel-side","status":"publish","type":"page","link":"https:\/\/noerdoteket.dk\/index.php\/eksempel-side\/","title":{"rendered":"Form\u00e5let"},"content":{"rendered":"<h1>Hej og velkommen til dette lille hj\u00f8rne af internettet.<\/h1>\n<p>N\u00f8rd&#8217;o&#8217;teket er stedet hvor jeg skriver om teknologi.<\/p>\n<p>Som n\u00f8rd har det altid irriteret mig, at niveauet i tekniske artikler i mainstream medier er for lavt. Lavt i en grad hvor forst\u00e5elsen af indholdet lider under det. Man kan selvf\u00f8lgelig g\u00e5 til kilden, men det er nu engang de f\u00e6rreste der orker at genneml\u00e6se en 1000vis af sider lang standard.<\/p>\n<p>Mit m\u00e5l er derfor at skrive artikler som g\u00e5r noget mere i dybden end hvad det normalt er tilf\u00e6ldet p\u00e5 medier rundt omkring, men stadig med et praktisk isl\u00e6t. Du risikerer at m\u00f8de en formel eller to!<\/p>\n<p>Du skulle meget gerne l\u00e6re noget som l\u00e6ser, og samtidig fors\u00f8ger jeg at skrive i en let og humoristisk stil, der g\u00f8r at man ikke keder sig halvt ihjel.\u00a0\u00a0Det er op til dig, k\u00e6re l\u00e6ser, at vurdere om jeg lykkedes med d\u00e9t projekt.<\/p>\n<p>Jeg har skarpe holdninger til samfundet, og kommer derfor til tider ogs\u00e5 til at fare i bl\u00e6khuset med indl\u00e6g der vedr\u00f8rer\u00a0politiske emner. Det er dog vigtigt at fastsl\u00e5, at denne blog er ikke et politisk forum &#8211; teknikken er i h\u00f8js\u00e6det!<\/p>\n<p>Feedback er altid meget velkommen.<\/p>\n<!-- Begin PayPal Donations by https:\/\/www.tipsandtricks-hq.com\/paypal-donations-widgets-plugin -->\n\n<form action=\"https:\/\/www.paypal.com\/cgi-bin\/webscr\" method=\"post\">\n    <div class=\"paypal-donations\">\n        <input type=\"hidden\" name=\"cmd\" value=\"_donations\" \/>\n        <input type=\"hidden\" name=\"bn\" value=\"TipsandTricks_SP\" \/>\n        <input type=\"hidden\" name=\"business\" value=\"steen@garbers.dk\" \/>\n        <input type=\"hidden\" name=\"return\" value=\"https:\/\/www.noerdoteket.dk\/index.php\/tusind-tak\/\" \/>\n        <input type=\"hidden\" name=\"item_name\" value=\"Fedt content paa Noerd\" \/>\n        <input type=\"hidden\" name=\"rm\" value=\"0\" \/>\n        <input type=\"hidden\" name=\"currency_code\" value=\"DKK\" \/>\n        <input type=\"image\" style=\"cursor: pointer;\" src=\"https:\/\/www.paypalobjects.com\/en_US\/i\/btn\/btn_donate_LG.gif\" name=\"submit\" alt=\"PayPal - The safer, easier way to pay online.\" \/>\n        <img loading=\"lazy\" decoding=\"async\" alt=\"\" src=\"https:\/\/www.paypalobjects.com\/en_US\/i\/scr\/pixel.gif\" width=\"1\" height=\"1\" \/>\n    <\/div>\n<\/form>\n<!-- End PayPal Donations -->\n\n<p>Se ogs\u00e5 N\u00f8rdotekets\u00a0<a href=\"https:\/\/www.youtube.com\/channel\/UCk0-tfRA39AIC14xBzOUz6Q\" target=\"_blank\">Youtube kanal<\/a>\u00a0hvor jeg vil forklare ting gennem videoer<\/p>\n<p><a href=\"http:\/\/www.n\u00f8rdoteket.dk\/wp-content\/uploads\/2015\/09\/cropped-wifi_measurement.jpg\"><img loading=\"lazy\" decoding=\"async\" class=\"alignnone size-large wp-image-136\" src=\"http:\/\/www.n\u00f8rdoteket.dk\/wp-content\/uploads\/2015\/09\/cropped-wifi_measurement-1024x256.jpg\" alt=\"cropped-wifi_measurement.jpg\" width=\"1024\" height=\"256\" srcset=\"https:\/\/noerdoteket.dk\/wp-content\/uploads\/2015\/09\/cropped-wifi_measurement-1024x256.jpg 1024w, https:\/\/noerdoteket.dk\/wp-content\/uploads\/2015\/09\/cropped-wifi_measurement-300x75.jpg 300w, https:\/\/noerdoteket.dk\/wp-content\/uploads\/2015\/09\/cropped-wifi_measurement.jpg 1200w\" sizes=\"auto, (max-width: 709px) 85vw, (max-width: 909px) 67vw, (max-width: 1362px) 62vw, 840px\" \/><\/a><\/p>\n","protected":false},"excerpt":{"rendered":"<p>Hej og velkommen til dette lille hj\u00f8rne af internettet. N\u00f8rd&#8217;o&#8217;teket er stedet hvor jeg skriver om teknologi. Som n\u00f8rd har det altid irriteret mig, at niveauet i tekniske artikler i mainstream medier er for lavt. Lavt i en grad hvor forst\u00e5elsen af indholdet lider under det. Man kan selvf\u00f8lgelig g\u00e5 til kilden, men det er &hellip; <a href=\"https:\/\/noerdoteket.dk\/index.php\/eksempel-side\/\" class=\"more-link\">L\u00e6s videre<span class=\"screen-reader-text\"> &#8220;Form\u00e5let&#8221;<\/span><\/a><\/p>\n","protected":false},"author":1,"featured_media":0,"parent":0,"menu_order":0,"comment_status":"open","ping_status":"open","template":"","meta":{"footnotes":""},"class_list":["post-2","page","type-page","status-publish","hentry"],"yoast_head":"<!-- This site is optimized with the Yoast SEO plugin v25.8 - https:\/\/yoast.com\/wordpress\/plugins\/seo\/ -->\n<title>form\u00e5l med n\u00f8rdoteket n\u00f8rd teknik forklaring dybde<\/title>\n<meta name=\"description\" content=\"n\u00f8rdoteket n\u00f8rd teknik forklaring dybde\" \/>\n<meta name=\"robots\" content=\"index, follow, max-snippet:-1, max-image-preview:large, max-video-preview:-1\" \/>\n<link rel=\"canonical\" href=\"https:\/\/noerdoteket.dk\/index.php\/eksempel-side\/\" \/>\n<meta property=\"og:locale\" content=\"da_DK\" \/>\n<meta property=\"og:type\" content=\"article\" \/>\n<meta property=\"og:title\" content=\"form\u00e5l med n\u00f8rdoteket n\u00f8rd teknik forklaring dybde\" \/>\n<meta property=\"og:description\" content=\"n\u00f8rdoteket n\u00f8rd teknik forklaring dybde\" \/>\n<meta property=\"og:url\" content=\"https:\/\/noerdoteket.dk\/index.php\/eksempel-side\/\" \/>\n<meta property=\"og:site_name\" content=\"N\u00f8rd&#039;o&#039;teket\" \/>\n<meta property=\"article:modified_time\" content=\"2017-02-28T19:58:12+00:00\" \/>\n<meta property=\"og:image\" content=\"http:\/\/www.n\u00f8rdoteket.dk\/wp-content\/uploads\/2015\/09\/cropped-wifi_measurement-1024x256.jpg\" \/>\n<meta name=\"twitter:card\" content=\"summary_large_image\" \/>\n<meta name=\"twitter:label1\" content=\"Estimeret l\u00e6setid\" \/>\n\t<meta name=\"twitter:data1\" content=\"1 minut\" \/>\n<script type=\"application\/ld+json\" class=\"yoast-schema-graph\">{\"@context\":\"https:\/\/schema.org\",\"@graph\":[{\"@type\":[\"WebPage\",\"CollectionPage\"],\"@id\":\"https:\/\/noerdoteket.dk\/index.php\/eksempel-side\/\",\"url\":\"https:\/\/noerdoteket.dk\/index.php\/eksempel-side\/\",\"name\":\"form\u00e5l med n\u00f8rdoteket n\u00f8rd teknik forklaring dybde\",\"isPartOf\":{\"@id\":\"https:\/\/noerdoteket.dk\/#website\"},\"datePublished\":\"2015-06-24T15:35:17+00:00\",\"dateModified\":\"2017-02-28T19:58:12+00:00\",\"description\":\"n\u00f8rdoteket n\u00f8rd teknik forklaring dybde\",\"breadcrumb\":{\"@id\":\"https:\/\/noerdoteket.dk\/index.php\/eksempel-side\/#breadcrumb\"},\"inLanguage\":\"da-DK\"},{\"@type\":\"BreadcrumbList\",\"@id\":\"https:\/\/noerdoteket.dk\/index.php\/eksempel-side\/#breadcrumb\",\"itemListElement\":[{\"@type\":\"ListItem\",\"position\":1,\"name\":\"Hjem\",\"item\":\"https:\/\/noerdoteket.dk\/\"},{\"@type\":\"ListItem\",\"position\":2,\"name\":\"Form\u00e5let\"}]},{\"@type\":\"WebSite\",\"@id\":\"https:\/\/noerdoteket.dk\/#website\",\"url\":\"https:\/\/noerdoteket.dk\/\",\"name\":\"N\u00f8rd&#039;o&#039;teket\",\"description\":\"L\u00f8st og fast om teknologi og dimser\",\"potentialAction\":[{\"@type\":\"SearchAction\",\"target\":{\"@type\":\"EntryPoint\",\"urlTemplate\":\"https:\/\/noerdoteket.dk\/?s={search_term_string}\"},\"query-input\":{\"@type\":\"PropertyValueSpecification\",\"valueRequired\":true,\"valueName\":\"search_term_string\"}}],\"inLanguage\":\"da-DK\"}]}<\/script>\n<!-- \/ Yoast SEO plugin. -->","yoast_head_json":{"title":"form\u00e5l med n\u00f8rdoteket n\u00f8rd teknik forklaring dybde","description":"n\u00f8rdoteket n\u00f8rd teknik forklaring dybde","robots":{"index":"index","follow":"follow","max-snippet":"max-snippet:-1","max-image-preview":"max-image-preview:large","max-video-preview":"max-video-preview:-1"},"canonical":"https:\/\/noerdoteket.dk\/index.php\/eksempel-side\/","og_locale":"da_DK","og_type":"article","og_title":"form\u00e5l med n\u00f8rdoteket n\u00f8rd teknik forklaring dybde","og_description":"n\u00f8rdoteket n\u00f8rd teknik forklaring dybde","og_url":"https:\/\/noerdoteket.dk\/index.php\/eksempel-side\/","og_site_name":"N\u00f8rd&#039;o&#039;teket","article_modified_time":"2017-02-28T19:58:12+00:00","og_image":[{"url":"http:\/\/www.n\u00f8rdoteket.dk\/wp-content\/uploads\/2015\/09\/cropped-wifi_measurement-1024x256.jpg","type":"","width":"","height":""}],"twitter_card":"summary_large_image","twitter_misc":{"Estimeret l\u00e6setid":"1 minut"},"schema":{"@context":"https:\/\/schema.org","@graph":[{"@type":["WebPage","CollectionPage"],"@id":"https:\/\/noerdoteket.dk\/index.php\/eksempel-side\/","url":"https:\/\/noerdoteket.dk\/index.php\/eksempel-side\/","name":"form\u00e5l med n\u00f8rdoteket n\u00f8rd teknik forklaring dybde","isPartOf":{"@id":"https:\/\/noerdoteket.dk\/#website"},"datePublished":"2015-06-24T15:35:17+00:00","dateModified":"2017-02-28T19:58:12+00:00","description":"n\u00f8rdoteket n\u00f8rd teknik forklaring dybde","breadcrumb":{"@id":"https:\/\/noerdoteket.dk\/index.php\/eksempel-side\/#breadcrumb"},"inLanguage":"da-DK"},{"@type":"BreadcrumbList","@id":"https:\/\/noerdoteket.dk\/index.php\/eksempel-side\/#breadcrumb","itemListElement":[{"@type":"ListItem","position":1,"name":"Hjem","item":"https:\/\/noerdoteket.dk\/"},{"@type":"ListItem","position":2,"name":"Form\u00e5let"}]},{"@type":"WebSite","@id":"https:\/\/noerdoteket.dk\/#website","url":"https:\/\/noerdoteket.dk\/","name":"N\u00f8rd&#039;o&#039;teket","description":"L\u00f8st og fast om teknologi og dimser","potentialAction":[{"@type":"SearchAction","target":{"@type":"EntryPoint","urlTemplate":"https:\/\/noerdoteket.dk\/?s={search_term_string}"},"query-input":{"@type":"PropertyValueSpecification","valueRequired":true,"valueName":"search_term_string"}}],"inLanguage":"da-DK"}]}},"_links":{"self":[{"href":"https:\/\/noerdoteket.dk\/index.php\/wp-json\/wp\/v2\/pages\/2","targetHints":{"allow":["GET"]}}],"collection":[{"href":"https:\/\/noerdoteket.dk\/index.php\/wp-json\/wp\/v2\/pages"}],"about":[{"href":"https:\/\/noerdoteket.dk\/index.php\/wp-json\/wp\/v2\/types\/page"}],"author":[{"embeddable":true,"href":"https:\/\/noerdoteket.dk\/index.php\/wp-json\/wp\/v2\/users\/1"}],"replies":[{"embeddable":true,"href":"https:\/\/noerdoteket.dk\/index.php\/wp-json\/wp\/v2\/comments?post=2"}],"version-history":[{"count":13,"href":"https:\/\/noerdoteket.dk\/index.php\/wp-json\/wp\/v2\/pages\/2\/revisions"}],"predecessor-version":[{"id":1291,"href":"https:\/\/noerdoteket.dk\/index.php\/wp-json\/wp\/v2\/pages\/2\/revisions\/1291"}],"wp:attachment":[{"href":"https:\/\/noerdoteket.dk\/index.php\/wp-json\/wp\/v2\/media?parent=2"}],"curies":[{"name":"wp","href":"https:\/\/api.w.org\/{rel}","templated":true}]}}