{"id":393,"date":"2016-02-16T19:01:38","date_gmt":"2016-02-16T19:01:38","guid":{"rendered":"http:\/\/www.xn--nrdoteket-l8a.dk\/?page_id=393"},"modified":"2016-03-17T08:59:10","modified_gmt":"2016-03-17T08:59:10","slug":"gds-iot-api-beskrivelse","status":"publish","type":"page","link":"https:\/\/noerdoteket.dk\/index.php\/gds-iot-api-beskrivelse\/","title":{"rendered":"GDS-IOT: API"},"content":{"rendered":"<p>Denne post er en st\u00f8tteartikel til serien om en G\u00f8r-det-selv dims der kan kontrollere elektriske apparater via internettet.<\/p>\n<h1>API Beskrivelse<\/h1>\n<script async src=\"\/\/pagead2.googlesyndication.com\/pagead\/js\/adsbygoogle.js\"><\/script>\r\n<!-- wp-inpost-add -->\r\n<ins class=\"adsbygoogle\"\r\n     style=\"display:block\"\r\n     data-ad-client=\"ca-pub-7793103161450012\"\r\n     data-ad-slot=\"1741650889\"\r\n     data-ad-format=\"auto\"><\/ins>\r\n<script>\r\n(adsbygoogle = window.adsbygoogle || []).push({});\r\n<\/script>\n<p>Adgangen er begr\u00e6nset med standard HTTP Digest<\/p>\n<p>The credentials are:<br \/>\nUsername:\u00a0XXX<br \/>\nPassword:\u00a0XXX<\/p>\n<p>Strukturen af et API kald:<br \/>\nhttps:\/\/dom\u00e6ne.dk\/control.php?action=&lt;ACTION&gt;&#038;device=&lt;DEVICE&gt;<\/p>\n<p>Hvor\u00a0<strong>ACTION<\/strong> kan antage f\u00f8lgende v\u00e6rdier (case sensitive!):<br \/>\n<strong>ON<\/strong> : T\u00e6nd for udtaget<br \/>\n<strong>OFF<\/strong> :\u00a0Sluk\u00a0udtaget<br \/>\n<strong>STATUS<\/strong> : Returner om udtaget\u00a0er t\u00e6ndt eller slukket<\/p>\n<p>Og <strong>DEVICE<\/strong> er det udtag\u00a0som der sp\u00f8rges til. To udtag er underst\u00f8tter, og derfor kan <strong>DEVICE<\/strong> antage v\u00e6rdierne <strong>1<\/strong> og <strong>2<\/strong>.<\/p>\n<h3>Eksempler:<\/h3>\n<p>T\u00e6nd det f\u00f8rste udtag::<\/p>\n<p>https:\/\/dom\u00e6ne.dk\/control.php?action=ON&#038;device=1<br \/>\nRetur v\u00e6rdi:<br \/>\n<strong>DEVICE_1_ON<\/strong><\/p>\n<p>Sluk det f\u00f8rste udtag:<\/p>\n<p>https:\/\/dom\u00e6ne.dk\/control.php?action=OFF&#038;device=1<br \/>\nRetur v\u00e6rdi:<br \/>\n<strong>DEVICE_1_OFF<\/strong><\/p>\n<p>Sp\u00f8rg om status for det f\u00f8rste udtag:<br \/>\nhttps:\/\/dom\u00e6ne.dk\/control.php?action=OFF&#038;device=1<br \/>\nRetur v\u00e6rdi:<\/p>\n<p><strong>DEVICE_1_ON<\/strong> eller <strong>DEVICE_1_OFF<\/strong><\/p>\n<script async src=\"\/\/pagead2.googlesyndication.com\/pagead\/js\/adsbygoogle.js\"><\/script>\r\n<!-- wp-inpost-add -->\r\n<ins class=\"adsbygoogle\"\r\n     style=\"display:block\"\r\n     data-ad-client=\"ca-pub-7793103161450012\"\r\n     data-ad-slot=\"1741650889\"\r\n     data-ad-format=\"auto\"><\/ins>\r\n<script>\r\n(adsbygoogle = window.adsbygoogle || []).push({});\r\n<\/script>\n<h3>Error messages:<\/h3>\n<p><strong>API_ERROR<\/strong><br \/>\nForkert v\u00e6rdi givet til &#8216;action &#8216; eller &#8216;device&#8217;. F.eks. &#8220;action=status&#8221; vil returnere <strong>API_ERROR<\/strong>, hvor\u00a0&#8220;action=STATUS&#8221; er korrekt.<\/p>\n<p><strong>WRONG_CREDENTIALS<\/strong><br \/>\nForkert brugernavn eller password,<\/p>\n<p><strong>UNAUTHORIZED<\/strong><br \/>\nDigest\u00a0information mangler i requestet til API<\/p>\n<p><strong>SYSTEM_ERROR<\/strong><br \/>\nAPI kald var korrekt, men et eller andet sprang i luften inde i dimsen.<\/p>\n<p><strong>INVALID_DEVICE<\/strong><br \/>\nForkert device. Kun device=1 eller 2 er underst\u00f8ttet<\/p>\n<script async src=\"https:\/\/pagead2.googlesyndication.com\/pagead\/js\/adsbygoogle.js\"><\/script>\r\n<!-- wp-ad-rect -->\r\n<ins class=\"adsbygoogle\"\r\n     style=\"display:block\"\r\n     data-ad-client=\"ca-pub-7793103161450012\"\r\n     data-ad-slot=\"8706514482\"\r\n     data-ad-format=\"auto\"><\/ins>\r\n<script>\r\n     (adsbygoogle = window.adsbygoogle || []).push({});\r\n<\/script>\n","protected":false},"excerpt":{"rendered":"<p>Denne post er en st\u00f8tteartikel til serien om en G\u00f8r-det-selv dims der kan kontrollere elektriske apparater via internettet. API Beskrivelse Adgangen er begr\u00e6nset med standard HTTP Digest The credentials are: Username:\u00a0XXX Password:\u00a0XXX Strukturen af et API kald: https:\/\/dom\u00e6ne.dk\/control.php?action=&lt;ACTION&gt;&#038;device=&lt;DEVICE&gt; Hvor\u00a0ACTION kan antage f\u00f8lgende v\u00e6rdier (case sensitive!): ON : T\u00e6nd for udtaget OFF :\u00a0Sluk\u00a0udtaget STATUS : Returner &hellip; <a href=\"https:\/\/noerdoteket.dk\/index.php\/gds-iot-api-beskrivelse\/\" class=\"more-link\">L\u00e6s videre<span class=\"screen-reader-text\"> &#8220;GDS-IOT: API&#8221;<\/span><\/a><\/p>\n","protected":false},"author":1,"featured_media":0,"parent":0,"menu_order":0,"comment_status":"closed","ping_status":"closed","template":"","meta":{"footnotes":""},"class_list":["post-393","page","type-page","status-publish","hentry"],"yoast_head":"<!-- This site is optimized with the Yoast SEO plugin v25.8 - https:\/\/yoast.com\/wordpress\/plugins\/seo\/ -->\n<title>GDS-IOT: API - N\u00f8rd&#039;o&#039;teket<\/title>\n<meta name=\"robots\" content=\"index, follow, max-snippet:-1, max-image-preview:large, max-video-preview:-1\" \/>\n<link rel=\"canonical\" href=\"https:\/\/noerdoteket.dk\/index.php\/gds-iot-api-beskrivelse\/\" \/>\n<meta property=\"og:locale\" content=\"da_DK\" \/>\n<meta property=\"og:type\" content=\"article\" \/>\n<meta property=\"og:title\" content=\"GDS-IOT: API - N\u00f8rd&#039;o&#039;teket\" \/>\n<meta property=\"og:description\" content=\"Denne post er en st\u00f8tteartikel til serien om en G\u00f8r-det-selv dims der kan kontrollere elektriske apparater via internettet. API Beskrivelse Adgangen er begr\u00e6nset med standard HTTP Digest The credentials are: Username:\u00a0XXX Password:\u00a0XXX Strukturen af et API kald: https:\/\/dom\u00e6ne.dk\/control.php?action=&lt;ACTION&gt;&#038;device=&lt;DEVICE&gt; Hvor\u00a0ACTION kan antage f\u00f8lgende v\u00e6rdier (case sensitive!): ON : T\u00e6nd for udtaget OFF :\u00a0Sluk\u00a0udtaget STATUS : Returner &hellip; L\u00e6s videre &quot;GDS-IOT: API&quot;\" \/>\n<meta property=\"og:url\" content=\"https:\/\/noerdoteket.dk\/index.php\/gds-iot-api-beskrivelse\/\" \/>\n<meta property=\"og:site_name\" content=\"N\u00f8rd&#039;o&#039;teket\" \/>\n<meta property=\"article:modified_time\" content=\"2016-03-17T08:59:10+00:00\" \/>\n<meta name=\"twitter:card\" content=\"summary_large_image\" \/>\n<meta name=\"twitter:label1\" content=\"Estimeret l\u00e6setid\" \/>\n\t<meta name=\"twitter:data1\" content=\"1 minut\" \/>\n<script type=\"application\/ld+json\" class=\"yoast-schema-graph\">{\"@context\":\"https:\/\/schema.org\",\"@graph\":[{\"@type\":\"WebPage\",\"@id\":\"https:\/\/noerdoteket.dk\/index.php\/gds-iot-api-beskrivelse\/\",\"url\":\"https:\/\/noerdoteket.dk\/index.php\/gds-iot-api-beskrivelse\/\",\"name\":\"GDS-IOT: API - N\u00f8rd&#039;o&#039;teket\",\"isPartOf\":{\"@id\":\"https:\/\/noerdoteket.dk\/#website\"},\"datePublished\":\"2016-02-16T19:01:38+00:00\",\"dateModified\":\"2016-03-17T08:59:10+00:00\",\"breadcrumb\":{\"@id\":\"https:\/\/noerdoteket.dk\/index.php\/gds-iot-api-beskrivelse\/#breadcrumb\"},\"inLanguage\":\"da-DK\",\"potentialAction\":[{\"@type\":\"ReadAction\",\"target\":[\"https:\/\/noerdoteket.dk\/index.php\/gds-iot-api-beskrivelse\/\"]}]},{\"@type\":\"BreadcrumbList\",\"@id\":\"https:\/\/noerdoteket.dk\/index.php\/gds-iot-api-beskrivelse\/#breadcrumb\",\"itemListElement\":[{\"@type\":\"ListItem\",\"position\":1,\"name\":\"Hjem\",\"item\":\"https:\/\/noerdoteket.dk\/\"},{\"@type\":\"ListItem\",\"position\":2,\"name\":\"GDS-IOT: API\"}]},{\"@type\":\"WebSite\",\"@id\":\"https:\/\/noerdoteket.dk\/#website\",\"url\":\"https:\/\/noerdoteket.dk\/\",\"name\":\"N\u00f8rd&#039;o&#039;teket\",\"description\":\"L\u00f8st og fast om teknologi og dimser\",\"potentialAction\":[{\"@type\":\"SearchAction\",\"target\":{\"@type\":\"EntryPoint\",\"urlTemplate\":\"https:\/\/noerdoteket.dk\/?s={search_term_string}\"},\"query-input\":{\"@type\":\"PropertyValueSpecification\",\"valueRequired\":true,\"valueName\":\"search_term_string\"}}],\"inLanguage\":\"da-DK\"}]}<\/script>\n<!-- \/ Yoast SEO plugin. -->","yoast_head_json":{"title":"GDS-IOT: API - N\u00f8rd&#039;o&#039;teket","robots":{"index":"index","follow":"follow","max-snippet":"max-snippet:-1","max-image-preview":"max-image-preview:large","max-video-preview":"max-video-preview:-1"},"canonical":"https:\/\/noerdoteket.dk\/index.php\/gds-iot-api-beskrivelse\/","og_locale":"da_DK","og_type":"article","og_title":"GDS-IOT: API - N\u00f8rd&#039;o&#039;teket","og_description":"Denne post er en st\u00f8tteartikel til serien om en G\u00f8r-det-selv dims der kan kontrollere elektriske apparater via internettet. API Beskrivelse Adgangen er begr\u00e6nset med standard HTTP Digest The credentials are: Username:\u00a0XXX Password:\u00a0XXX Strukturen af et API kald: https:\/\/dom\u00e6ne.dk\/control.php?action=&lt;ACTION&gt;&#038;device=&lt;DEVICE&gt; Hvor\u00a0ACTION kan antage f\u00f8lgende v\u00e6rdier (case sensitive!): ON : T\u00e6nd for udtaget OFF :\u00a0Sluk\u00a0udtaget STATUS : Returner &hellip; L\u00e6s videre \"GDS-IOT: API\"","og_url":"https:\/\/noerdoteket.dk\/index.php\/gds-iot-api-beskrivelse\/","og_site_name":"N\u00f8rd&#039;o&#039;teket","article_modified_time":"2016-03-17T08:59:10+00:00","twitter_card":"summary_large_image","twitter_misc":{"Estimeret l\u00e6setid":"1 minut"},"schema":{"@context":"https:\/\/schema.org","@graph":[{"@type":"WebPage","@id":"https:\/\/noerdoteket.dk\/index.php\/gds-iot-api-beskrivelse\/","url":"https:\/\/noerdoteket.dk\/index.php\/gds-iot-api-beskrivelse\/","name":"GDS-IOT: API - N\u00f8rd&#039;o&#039;teket","isPartOf":{"@id":"https:\/\/noerdoteket.dk\/#website"},"datePublished":"2016-02-16T19:01:38+00:00","dateModified":"2016-03-17T08:59:10+00:00","breadcrumb":{"@id":"https:\/\/noerdoteket.dk\/index.php\/gds-iot-api-beskrivelse\/#breadcrumb"},"inLanguage":"da-DK","potentialAction":[{"@type":"ReadAction","target":["https:\/\/noerdoteket.dk\/index.php\/gds-iot-api-beskrivelse\/"]}]},{"@type":"BreadcrumbList","@id":"https:\/\/noerdoteket.dk\/index.php\/gds-iot-api-beskrivelse\/#breadcrumb","itemListElement":[{"@type":"ListItem","position":1,"name":"Hjem","item":"https:\/\/noerdoteket.dk\/"},{"@type":"ListItem","position":2,"name":"GDS-IOT: API"}]},{"@type":"WebSite","@id":"https:\/\/noerdoteket.dk\/#website","url":"https:\/\/noerdoteket.dk\/","name":"N\u00f8rd&#039;o&#039;teket","description":"L\u00f8st og fast om teknologi og dimser","potentialAction":[{"@type":"SearchAction","target":{"@type":"EntryPoint","urlTemplate":"https:\/\/noerdoteket.dk\/?s={search_term_string}"},"query-input":{"@type":"PropertyValueSpecification","valueRequired":true,"valueName":"search_term_string"}}],"inLanguage":"da-DK"}]}},"_links":{"self":[{"href":"https:\/\/noerdoteket.dk\/index.php\/wp-json\/wp\/v2\/pages\/393","targetHints":{"allow":["GET"]}}],"collection":[{"href":"https:\/\/noerdoteket.dk\/index.php\/wp-json\/wp\/v2\/pages"}],"about":[{"href":"https:\/\/noerdoteket.dk\/index.php\/wp-json\/wp\/v2\/types\/page"}],"author":[{"embeddable":true,"href":"https:\/\/noerdoteket.dk\/index.php\/wp-json\/wp\/v2\/users\/1"}],"replies":[{"embeddable":true,"href":"https:\/\/noerdoteket.dk\/index.php\/wp-json\/wp\/v2\/comments?post=393"}],"version-history":[{"count":3,"href":"https:\/\/noerdoteket.dk\/index.php\/wp-json\/wp\/v2\/pages\/393\/revisions"}],"predecessor-version":[{"id":516,"href":"https:\/\/noerdoteket.dk\/index.php\/wp-json\/wp\/v2\/pages\/393\/revisions\/516"}],"wp:attachment":[{"href":"https:\/\/noerdoteket.dk\/index.php\/wp-json\/wp\/v2\/media?parent=393"}],"curies":[{"name":"wp","href":"https:\/\/api.w.org\/{rel}","templated":true}]}}