{"id":578,"date":"2016-04-05T12:57:49","date_gmt":"2016-04-05T12:57:49","guid":{"rendered":"http:\/\/www.xn--nrdoteket-l8a.dk\/?page_id=578"},"modified":"2016-08-08T08:33:44","modified_gmt":"2016-08-08T08:33:44","slug":"download","status":"publish","type":"page","link":"https:\/\/noerdoteket.dk\/index.php\/download\/","title":{"rendered":"download"},"content":{"rendered":"<p>Her finder du diverse filer jeg af en eller anden \u00e5rsag har \u00f8nsket at dele<\/p>\n<p><a href=\"http:\/\/www.n\u00f8rdoteket.dk\/index.php\/download\/elsikkerhedsloven\/\" rel=\"attachment wp-att-579\">Elsikkerhedsloven<\/a> (Lov nr 525 af 29\/04\/2015)<\/p>\n<p><a href=\"http:\/\/www.n\u00f8rdoteket.dk\/wp-content\/uploads\/2016\/04\/Dynamic-adaptation-to-varying-loop-conditions.pdf\">Dynamic adaptation to varying loop conditions<\/a> (Et white-paper om OLR teknikker i xDSL)<\/p>\n<p><a href=\"http:\/\/www.n\u00f8rdoteket.dk\/wp-content\/uploads\/2016\/04\/An-Introduction-to-VDSL2-and-VDSL2-deployment-options.pdf\">An Introduction to VDSL2 and VDSL2 deployment options<\/a> (Et white-paper om VDSL2)<\/p>\n<div class=\"page\" title=\"Page 1\">\n<div class=\"layoutArea\">\n<div class=\"column\">\n<p><a href=\"http:\/\/www.n\u00f8rdoteket.dk\/wp-content\/uploads\/2016\/04\/XDSL_optimising_link_quality_v1.pdf\">How to Ensure a Stable &amp; Error-free Link for IPTV Deployments<\/a> (Lidt om xDSL teknologi og fejlh\u00e5ndtering\/mitigering)<\/p>\n<\/div>\n<\/div>\n<\/div>\n","protected":false},"excerpt":{"rendered":"<p>Her finder du diverse filer jeg af en eller anden \u00e5rsag har \u00f8nsket at dele Elsikkerhedsloven (Lov nr 525 af 29\/04\/2015) Dynamic adaptation to varying loop conditions (Et white-paper om OLR teknikker i xDSL) An Introduction to VDSL2 and VDSL2 deployment options (Et white-paper om VDSL2) How to Ensure a Stable &amp; Error-free Link for &hellip; <a href=\"https:\/\/noerdoteket.dk\/index.php\/download\/\" class=\"more-link\">L\u00e6s videre<span class=\"screen-reader-text\"> &#8220;download&#8221;<\/span><\/a><\/p>\n","protected":false},"author":1,"featured_media":0,"parent":0,"menu_order":0,"comment_status":"closed","ping_status":"closed","template":"","meta":{"footnotes":""},"class_list":["post-578","page","type-page","status-publish","hentry"],"yoast_head":"<!-- This site is optimized with the Yoast SEO plugin v25.8 - https:\/\/yoast.com\/wordpress\/plugins\/seo\/ -->\n<title>download - N\u00f8rd&#039;o&#039;teket<\/title>\n<meta name=\"robots\" content=\"index, follow, max-snippet:-1, max-image-preview:large, max-video-preview:-1\" \/>\n<link rel=\"canonical\" href=\"https:\/\/noerdoteket.dk\/index.php\/download\/\" \/>\n<meta property=\"og:locale\" content=\"da_DK\" \/>\n<meta property=\"og:type\" content=\"article\" \/>\n<meta property=\"og:title\" content=\"download - N\u00f8rd&#039;o&#039;teket\" \/>\n<meta property=\"og:description\" content=\"Her finder du diverse filer jeg af en eller anden \u00e5rsag har \u00f8nsket at dele Elsikkerhedsloven (Lov nr 525 af 29\/04\/2015) Dynamic adaptation to varying loop conditions (Et white-paper om OLR teknikker i xDSL) An Introduction to VDSL2 and VDSL2 deployment options (Et white-paper om VDSL2) How to Ensure a Stable &amp; Error-free Link for &hellip; L\u00e6s videre &quot;download&quot;\" \/>\n<meta property=\"og:url\" content=\"https:\/\/noerdoteket.dk\/index.php\/download\/\" \/>\n<meta property=\"og:site_name\" content=\"N\u00f8rd&#039;o&#039;teket\" \/>\n<meta property=\"article:modified_time\" content=\"2016-08-08T08:33:44+00:00\" \/>\n<meta name=\"twitter:card\" content=\"summary_large_image\" \/>\n<script type=\"application\/ld+json\" class=\"yoast-schema-graph\">{\"@context\":\"https:\/\/schema.org\",\"@graph\":[{\"@type\":\"WebPage\",\"@id\":\"https:\/\/noerdoteket.dk\/index.php\/download\/\",\"url\":\"https:\/\/noerdoteket.dk\/index.php\/download\/\",\"name\":\"download - N\u00f8rd&#039;o&#039;teket\",\"isPartOf\":{\"@id\":\"https:\/\/noerdoteket.dk\/#website\"},\"datePublished\":\"2016-04-05T12:57:49+00:00\",\"dateModified\":\"2016-08-08T08:33:44+00:00\",\"breadcrumb\":{\"@id\":\"https:\/\/noerdoteket.dk\/index.php\/download\/#breadcrumb\"},\"inLanguage\":\"da-DK\",\"potentialAction\":[{\"@type\":\"ReadAction\",\"target\":[\"https:\/\/noerdoteket.dk\/index.php\/download\/\"]}]},{\"@type\":\"BreadcrumbList\",\"@id\":\"https:\/\/noerdoteket.dk\/index.php\/download\/#breadcrumb\",\"itemListElement\":[{\"@type\":\"ListItem\",\"position\":1,\"name\":\"Hjem\",\"item\":\"https:\/\/noerdoteket.dk\/\"},{\"@type\":\"ListItem\",\"position\":2,\"name\":\"download\"}]},{\"@type\":\"WebSite\",\"@id\":\"https:\/\/noerdoteket.dk\/#website\",\"url\":\"https:\/\/noerdoteket.dk\/\",\"name\":\"N\u00f8rd&#039;o&#039;teket\",\"description\":\"L\u00f8st og fast om teknologi og dimser\",\"potentialAction\":[{\"@type\":\"SearchAction\",\"target\":{\"@type\":\"EntryPoint\",\"urlTemplate\":\"https:\/\/noerdoteket.dk\/?s={search_term_string}\"},\"query-input\":{\"@type\":\"PropertyValueSpecification\",\"valueRequired\":true,\"valueName\":\"search_term_string\"}}],\"inLanguage\":\"da-DK\"}]}<\/script>\n<!-- \/ Yoast SEO plugin. -->","yoast_head_json":{"title":"download - N\u00f8rd&#039;o&#039;teket","robots":{"index":"index","follow":"follow","max-snippet":"max-snippet:-1","max-image-preview":"max-image-preview:large","max-video-preview":"max-video-preview:-1"},"canonical":"https:\/\/noerdoteket.dk\/index.php\/download\/","og_locale":"da_DK","og_type":"article","og_title":"download - N\u00f8rd&#039;o&#039;teket","og_description":"Her finder du diverse filer jeg af en eller anden \u00e5rsag har \u00f8nsket at dele Elsikkerhedsloven (Lov nr 525 af 29\/04\/2015) Dynamic adaptation to varying loop conditions (Et white-paper om OLR teknikker i xDSL) An Introduction to VDSL2 and VDSL2 deployment options (Et white-paper om VDSL2) How to Ensure a Stable &amp; Error-free Link for &hellip; L\u00e6s videre \"download\"","og_url":"https:\/\/noerdoteket.dk\/index.php\/download\/","og_site_name":"N\u00f8rd&#039;o&#039;teket","article_modified_time":"2016-08-08T08:33:44+00:00","twitter_card":"summary_large_image","schema":{"@context":"https:\/\/schema.org","@graph":[{"@type":"WebPage","@id":"https:\/\/noerdoteket.dk\/index.php\/download\/","url":"https:\/\/noerdoteket.dk\/index.php\/download\/","name":"download - N\u00f8rd&#039;o&#039;teket","isPartOf":{"@id":"https:\/\/noerdoteket.dk\/#website"},"datePublished":"2016-04-05T12:57:49+00:00","dateModified":"2016-08-08T08:33:44+00:00","breadcrumb":{"@id":"https:\/\/noerdoteket.dk\/index.php\/download\/#breadcrumb"},"inLanguage":"da-DK","potentialAction":[{"@type":"ReadAction","target":["https:\/\/noerdoteket.dk\/index.php\/download\/"]}]},{"@type":"BreadcrumbList","@id":"https:\/\/noerdoteket.dk\/index.php\/download\/#breadcrumb","itemListElement":[{"@type":"ListItem","position":1,"name":"Hjem","item":"https:\/\/noerdoteket.dk\/"},{"@type":"ListItem","position":2,"name":"download"}]},{"@type":"WebSite","@id":"https:\/\/noerdoteket.dk\/#website","url":"https:\/\/noerdoteket.dk\/","name":"N\u00f8rd&#039;o&#039;teket","description":"L\u00f8st og fast om teknologi og dimser","potentialAction":[{"@type":"SearchAction","target":{"@type":"EntryPoint","urlTemplate":"https:\/\/noerdoteket.dk\/?s={search_term_string}"},"query-input":{"@type":"PropertyValueSpecification","valueRequired":true,"valueName":"search_term_string"}}],"inLanguage":"da-DK"}]}},"_links":{"self":[{"href":"https:\/\/noerdoteket.dk\/index.php\/wp-json\/wp\/v2\/pages\/578","targetHints":{"allow":["GET"]}}],"collection":[{"href":"https:\/\/noerdoteket.dk\/index.php\/wp-json\/wp\/v2\/pages"}],"about":[{"href":"https:\/\/noerdoteket.dk\/index.php\/wp-json\/wp\/v2\/types\/page"}],"author":[{"embeddable":true,"href":"https:\/\/noerdoteket.dk\/index.php\/wp-json\/wp\/v2\/users\/1"}],"replies":[{"embeddable":true,"href":"https:\/\/noerdoteket.dk\/index.php\/wp-json\/wp\/v2\/comments?post=578"}],"version-history":[{"count":8,"href":"https:\/\/noerdoteket.dk\/index.php\/wp-json\/wp\/v2\/pages\/578\/revisions"}],"predecessor-version":[{"id":605,"href":"https:\/\/noerdoteket.dk\/index.php\/wp-json\/wp\/v2\/pages\/578\/revisions\/605"}],"wp:attachment":[{"href":"https:\/\/noerdoteket.dk\/index.php\/wp-json\/wp\/v2\/media?parent=578"}],"curies":[{"name":"wp","href":"https:\/\/api.w.org\/{rel}","templated":true}]}}