{"id":682,"date":"2016-05-01T16:19:51","date_gmt":"2016-05-01T16:19:51","guid":{"rendered":"http:\/\/www.xn--nrdoteket-l8a.dk\/?page_id=682"},"modified":"2016-05-01T16:20:03","modified_gmt":"2016-05-01T16:20:03","slug":"redirect-to-facebook","status":"publish","type":"page","link":"https:\/\/noerdoteket.dk\/index.php\/redirect-to-facebook\/","title":{"rendered":"Redirect til n\u00f8rdoteket p\u00e5 facebook"},"content":{"rendered":"\t\t<meta http-equiv=\"refresh\" content=\"0; url=https:\/\/www.facebook.com\/en.noerds.bekendelser\/\">\r\n\t\tPlease wait while you are redirected...or <a href=\"https:\/\/www.facebook.com\/en.noerds.bekendelser\/\">Click Here<\/a> if you do not want to wait.\r\n\n<p>Du bliver videresendt til facebook nu.<\/p>\n","protected":false},"excerpt":{"rendered":"<p>Du bliver videresendt til facebook nu.<\/p>\n","protected":false},"author":1,"featured_media":0,"parent":0,"menu_order":0,"comment_status":"closed","ping_status":"closed","template":"","meta":{"footnotes":""},"class_list":["post-682","page","type-page","status-publish","hentry"],"yoast_head":"<!-- This site is optimized with the Yoast SEO plugin v25.8 - https:\/\/yoast.com\/wordpress\/plugins\/seo\/ -->\n<title>Redirect til n\u00f8rdoteket p\u00e5 facebook - N\u00f8rd&#039;o&#039;teket<\/title>\n<meta name=\"robots\" content=\"index, follow, max-snippet:-1, max-image-preview:large, max-video-preview:-1\" \/>\n<link rel=\"canonical\" href=\"https:\/\/noerdoteket.dk\/index.php\/redirect-to-facebook\/\" \/>\n<meta property=\"og:locale\" content=\"da_DK\" \/>\n<meta property=\"og:type\" content=\"article\" \/>\n<meta property=\"og:title\" content=\"Redirect til n\u00f8rdoteket p\u00e5 facebook - N\u00f8rd&#039;o&#039;teket\" \/>\n<meta property=\"og:description\" content=\"Du bliver videresendt til facebook nu.\" \/>\n<meta property=\"og:url\" content=\"https:\/\/noerdoteket.dk\/index.php\/redirect-to-facebook\/\" \/>\n<meta property=\"og:site_name\" content=\"N\u00f8rd&#039;o&#039;teket\" \/>\n<meta property=\"article:modified_time\" content=\"2016-05-01T16:20:03+00:00\" \/>\n<meta name=\"twitter:card\" content=\"summary_large_image\" \/>\n<script type=\"application\/ld+json\" class=\"yoast-schema-graph\">{\"@context\":\"https:\/\/schema.org\",\"@graph\":[{\"@type\":\"WebPage\",\"@id\":\"https:\/\/noerdoteket.dk\/index.php\/redirect-to-facebook\/\",\"url\":\"https:\/\/noerdoteket.dk\/index.php\/redirect-to-facebook\/\",\"name\":\"Redirect til n\u00f8rdoteket p\u00e5 facebook - N\u00f8rd&#039;o&#039;teket\",\"isPartOf\":{\"@id\":\"https:\/\/noerdoteket.dk\/#website\"},\"datePublished\":\"2016-05-01T16:19:51+00:00\",\"dateModified\":\"2016-05-01T16:20:03+00:00\",\"breadcrumb\":{\"@id\":\"https:\/\/noerdoteket.dk\/index.php\/redirect-to-facebook\/#breadcrumb\"},\"inLanguage\":\"da-DK\",\"potentialAction\":[{\"@type\":\"ReadAction\",\"target\":[\"https:\/\/noerdoteket.dk\/index.php\/redirect-to-facebook\/\"]}]},{\"@type\":\"BreadcrumbList\",\"@id\":\"https:\/\/noerdoteket.dk\/index.php\/redirect-to-facebook\/#breadcrumb\",\"itemListElement\":[{\"@type\":\"ListItem\",\"position\":1,\"name\":\"Hjem\",\"item\":\"https:\/\/noerdoteket.dk\/\"},{\"@type\":\"ListItem\",\"position\":2,\"name\":\"Redirect til n\u00f8rdoteket p\u00e5 facebook\"}]},{\"@type\":\"WebSite\",\"@id\":\"https:\/\/noerdoteket.dk\/#website\",\"url\":\"https:\/\/noerdoteket.dk\/\",\"name\":\"N\u00f8rd&#039;o&#039;teket\",\"description\":\"L\u00f8st og fast om teknologi og dimser\",\"potentialAction\":[{\"@type\":\"SearchAction\",\"target\":{\"@type\":\"EntryPoint\",\"urlTemplate\":\"https:\/\/noerdoteket.dk\/?s={search_term_string}\"},\"query-input\":{\"@type\":\"PropertyValueSpecification\",\"valueRequired\":true,\"valueName\":\"search_term_string\"}}],\"inLanguage\":\"da-DK\"}]}<\/script>\n<!-- \/ Yoast SEO plugin. -->","yoast_head_json":{"title":"Redirect til n\u00f8rdoteket p\u00e5 facebook - N\u00f8rd&#039;o&#039;teket","robots":{"index":"index","follow":"follow","max-snippet":"max-snippet:-1","max-image-preview":"max-image-preview:large","max-video-preview":"max-video-preview:-1"},"canonical":"https:\/\/noerdoteket.dk\/index.php\/redirect-to-facebook\/","og_locale":"da_DK","og_type":"article","og_title":"Redirect til n\u00f8rdoteket p\u00e5 facebook - N\u00f8rd&#039;o&#039;teket","og_description":"Du bliver videresendt til facebook nu.","og_url":"https:\/\/noerdoteket.dk\/index.php\/redirect-to-facebook\/","og_site_name":"N\u00f8rd&#039;o&#039;teket","article_modified_time":"2016-05-01T16:20:03+00:00","twitter_card":"summary_large_image","schema":{"@context":"https:\/\/schema.org","@graph":[{"@type":"WebPage","@id":"https:\/\/noerdoteket.dk\/index.php\/redirect-to-facebook\/","url":"https:\/\/noerdoteket.dk\/index.php\/redirect-to-facebook\/","name":"Redirect til n\u00f8rdoteket p\u00e5 facebook - N\u00f8rd&#039;o&#039;teket","isPartOf":{"@id":"https:\/\/noerdoteket.dk\/#website"},"datePublished":"2016-05-01T16:19:51+00:00","dateModified":"2016-05-01T16:20:03+00:00","breadcrumb":{"@id":"https:\/\/noerdoteket.dk\/index.php\/redirect-to-facebook\/#breadcrumb"},"inLanguage":"da-DK","potentialAction":[{"@type":"ReadAction","target":["https:\/\/noerdoteket.dk\/index.php\/redirect-to-facebook\/"]}]},{"@type":"BreadcrumbList","@id":"https:\/\/noerdoteket.dk\/index.php\/redirect-to-facebook\/#breadcrumb","itemListElement":[{"@type":"ListItem","position":1,"name":"Hjem","item":"https:\/\/noerdoteket.dk\/"},{"@type":"ListItem","position":2,"name":"Redirect til n\u00f8rdoteket p\u00e5 facebook"}]},{"@type":"WebSite","@id":"https:\/\/noerdoteket.dk\/#website","url":"https:\/\/noerdoteket.dk\/","name":"N\u00f8rd&#039;o&#039;teket","description":"L\u00f8st og fast om teknologi og dimser","potentialAction":[{"@type":"SearchAction","target":{"@type":"EntryPoint","urlTemplate":"https:\/\/noerdoteket.dk\/?s={search_term_string}"},"query-input":{"@type":"PropertyValueSpecification","valueRequired":true,"valueName":"search_term_string"}}],"inLanguage":"da-DK"}]}},"_links":{"self":[{"href":"https:\/\/noerdoteket.dk\/index.php\/wp-json\/wp\/v2\/pages\/682","targetHints":{"allow":["GET"]}}],"collection":[{"href":"https:\/\/noerdoteket.dk\/index.php\/wp-json\/wp\/v2\/pages"}],"about":[{"href":"https:\/\/noerdoteket.dk\/index.php\/wp-json\/wp\/v2\/types\/page"}],"author":[{"embeddable":true,"href":"https:\/\/noerdoteket.dk\/index.php\/wp-json\/wp\/v2\/users\/1"}],"replies":[{"embeddable":true,"href":"https:\/\/noerdoteket.dk\/index.php\/wp-json\/wp\/v2\/comments?post=682"}],"version-history":[{"count":2,"href":"https:\/\/noerdoteket.dk\/index.php\/wp-json\/wp\/v2\/pages\/682\/revisions"}],"predecessor-version":[{"id":684,"href":"https:\/\/noerdoteket.dk\/index.php\/wp-json\/wp\/v2\/pages\/682\/revisions\/684"}],"wp:attachment":[{"href":"https:\/\/noerdoteket.dk\/index.php\/wp-json\/wp\/v2\/media?parent=682"}],"curies":[{"name":"wp","href":"https:\/\/api.w.org\/{rel}","templated":true}]}}